)/(-6) - 4/(-6). Let p be (f/3)/(5/(-15)). Let w = -19 - p. List the prime factors of w.
19
Let g be (-3 + (-24)/(-3))*1. Suppose 0 = -0*f + g*f - 15. What are the prime factors of f?
3
Let q be 13/(-3) + (-4)/6. Let o(j) be the third derivative of -j**6/120 - j**5/12 - j**4/6 - 7*j**3/6 - j**2. List the prime factors of o(q).
13
Let n(w) = 3*w**3 - 7*w**2 + 10*w - 8. Let s(f) = 10*f**3 - 20*f**2 + 30*f - 25. Let m(k) = -7*n(k) + 2*s(k). What are the prime factors of m(7)?
2, 17
Suppose -i + 27 = 3*m, -1 = i - 4. What are the prime factors of m?
2
Suppose -2*g - 37 = -213. Let p = g - 63. List the prime factors of p.
5
Let j = 15 + -25. What are the prime factors of 18/45 - 146/j?
3, 5
Let w(v) = v**2 + 12*v + 14. Let s be w(-11). Let o = 21 - 11. Let d = o + s. What are the prime factors of d?
13
Let g(t) = 2*t**2 - 14*t + 24. List the prime factors of g(11).
2, 7
Let k(i) = 3*i**2 + 3*i + 2. Let d be (3/(-6))/((-1)/4). Suppose 0 = d*q - 1 + 5. What are the prime factors of k(q)?
2
Let c be (0 + 0)/(-4 - -3). Let z(g) be the first derivative of g**4/4 + g**2/2 + 9*g - 1. What are the prime factors of z(c)?
3
Let z be 1/(-5) - 33/(-15). List the prime factors of 0/(-1) + (13 - z).
11
Let s be (-455)/21 + 1/(-3). Let i = s - -56. Suppose -3*k + 2 = -i. What are the prime factors of k?
2, 3
Let m(t) = -t**2 + 4*t + 4. Let c be m(-3). Let p = 25 + c. What are the prime factors of p?
2
Let t(j) = j**3 - 8*j**2 + 7*j. Let g be t(7). Let c = 9 + g. List the prime factors of c.
3
Let h(s) = s**3 + s**2 - s + 90. What are the prime factors of h(0)?
2, 3, 5
Suppose g + 5*p = 22, g + p + 0*p - 6 = 0. Let h be 165/20 - g/8. Let w = h + -2. List the prime factors of w.
2, 3
Suppose 4*m - 21 + 5 = 0, 0 = -5*z - m + 4. Suppose -2*g + 9 + 43 = z. Suppose 0 = -n + 4*p + g, 2*n + p = 5*p + 48. What are the prime factors of n?
2, 11
Suppose 80 = 2*q + 2*q. Let k = -14 + q. List the prime factors of k.
2, 3
Let z be 2/(-2)*(26 - 0). Let t be (-1 + 3/6)*-74. Let d = z + t. What are the prime factors of d?
11
Let y = 6 - 3. Suppose -y*l - 37 = 4*p, 4*p - 67 = 8*p - 3*l. Let a = 28 + p. What are the prime factors of a?
3, 5
Let b(g) = -g**2 + g**3 - 1 + 6*g**2 - 4*g - 6. What are the prime factors of b(-5)?
13
Let d(x) = x**2 + 1. Let g be d(5). Suppose -h - h + g = 0. List the prime factors of h.
13
Let n(x) = -x + 8. Let m be (-10)/25 + 53/(-5). What are the prime factors of n(m)?
19
Suppose -p + 4*j + 15 = 0, -4*p = -3*j - 6 - 15. Let u be (20 + -2)*(-4)/(-6). What are the prime factors of (-8)/u + 38/p?
2, 3
Let u(b) = 23*b + 2. Let r be u(2). Suppose 4*c - 4*n = 84, 0 = 5*c - n - r - 41. List the prime factors of c.
17
Let a(w) be the third derivative of w**6/120 + w**5/10 - w**4/12 - 7*w**3/6 + 3*w**2. What are the prime factors of a(-6)?
5
Let s be (-40)/(-7) - 2/(-7). Suppose -2*i = -0*i - s. Suppose 0 = c + i*c - 48. List the prime factors of c.
2, 3
Let a be 6/33 - 64/(-11). Let w = a + -3. What are the prime factors of w?
3
Let f = -32 + 67. List the prime factors of f.
5, 7
Let x(w) = w**3 + 22*w**2 + 34*w - 8. List the prime factors of x(-20).
2, 7
Let t = -10 + 13. Let c(f) = 2*f + 3. List the prime factors of c(t).
3
Let b(u) = -9*u + 30. What are the prime factors of b(-6)?
2, 3, 7
Let r(c) = 3*c - 5. Suppose 2*y = -2*l + 16, 0*y - 4*l = -2*y + 10. List the prime factors of r(y).
2
Suppose t = 4*t - 18. List the prime factors of t.
2, 3
Suppose 0 = 4*h - 8, -5*d - 5*h + 22 = 7. Let g(f) = -f + 1. Let r(o) = 9*o**2 - 4*o + 3. Let b(i) = -3*g(i) + r(i). List the prime factors of b(d).
2
What are the prime factors of (-2)/10 + 755/25?
2, 3, 5
Let x = 548 - 385. List the prime factors of x.
163
Let j(w) = -3*w**3 + 3*w**2 - 5*w + 0*w**2 + 4*w**3 - 5. Let d be j(-4). List the prime factors of -15*(d - 4/(-10)).
3
Let s(u) = 14*u - 1. List the prime factors of s(5).
3, 23
Let q(s) = 4 - s**3 - 3*s**2 + 3*s + s**2 - 2*s. Let p be q(-3). List the prime factors of (p - 0)*(0 + 1).
2, 5
What are the prime factors of -5 + (2 - -2) + -2 + 58?
5, 11
Let r(h) = -12*h + 1. Let w = 21 - 25. What are the prime factors of r(w)?
7
Suppose 2*a = 2*c + 21 + 111, -3*c + 147 = 2*a. What are the prime factors of a?
3, 23
Suppose -4*h + 2*h + 4 = 0. Suppose -5*d + 5 = z + 8, 4*d = -2*z - 6. Suppose f + 15 = h*x - d, 5*f - 42 = -3*x. What are the prime factors of x?
3
Let z = -5 + 9. Suppose z*g = -5*n + 28, 3*n + 3*g - 15 = 3. What are the prime factors of n?
2
Suppose -2 - 4 = -2*v - 4*q, 4*v + 4*q - 8 = 0. List the prime factors of 18/12*(1 + v).
3
Suppose 0 = 5*r - 10, -3*a + a + 10 = 2*r. Let y be (-1)/(-1 + 6/4). Let u = a - y. List the prime factors of u.
5
Let i = -6 - -9. Suppose 0 = -3*w - 4*u + 43 + 3, -64 = -i*w + 5*u. What are the prime factors of w?
2, 3
Let j(g) be the first derivative of g**5/120 + g**4/2 + g**3/3 - 2. Let o(u) be the third derivative of j(u). What are the prime factors of o(0)?
2, 3
What are the prime factors of 2/6 - (-246)/18?
2, 7
Let m(r) = r**3 - 4*r**2 + 4*r - 1. Let w be m(3). Let i = 44 - 45. List the prime factors of (-22)/(1 + i - w).
11
Let w(a) = -60*a - 1. List the prime factors of w(-1).
59
Suppose 4*y = -4*h + 232, 3*h - 217 = -h + y. List the prime factors of h.
5, 11
Let s(b) = -6*b**3 - 5*b**2 - b - 11. Let j(a) = 5*a**3 + 5*a**2 + 10. Let d(c) = -5*j(c) - 4*s(c). List the prime factors of d(-6).
2, 3
Let q be -13 + -2 + 2 + 2. Let a = q - -8. List the prime factors of -2 - 10*a/2.
13
Let u(a) = -a + 7. Let m be u(7). Let k = -4 - -15. Suppose m = 4*s - 3*s - k. List the prime factors of s.
11
Let z be (1 + 4/(-2))*0. Suppose z = -4*h - 3*t + 20, 0 = 4*h + 4*t + 10 - 34. Suppose 0 = -h*p + 5 + 9. What are the prime factors of p?
7
Suppose 27*q - 11 = 26*q. Let l(n) = -3*n**2 + 2*n**2 - 1 + 12*n - 2. List the prime factors of l(q).
2
Suppose 3*s + 29 + 1 = 0. Let a = 9 + s. List the prime factors of ((-1)/2)/(a/40).
2, 5
Let n = -30 + 10. Let o = 27 - n. List the prime factors of o.
47
Let l be (-4)/(-8) - 10/(-4). Suppose 70 = -2*b - c + 1, l*c + 42 = -b. Let p = -21 - b. List the prime factors of p.
2, 3
Let n(q) = -2 + 2 + 3*q**2 - 36*q + 40*q - q**3. What are the prime factors of n(-3)?
2, 3, 7
Let f(k) = k + 5. List the prime factors of f(7).
2, 3
Let c be (1 + (-3)/2)*10. Let n = -2 - c. Suppose -2*y - n*y - l = -5, 2*l + 16 = 3*y. List the prime factors of y.
2
Let j(u) = 0*u - u - 2*u - 2*u - 8. List the prime factors of j(-4).
2, 3
Let v(t) = -t + 42. List the prime factors of v(0).
2, 3, 7
Let p = -19 + 41. Let i be -3 + 9 + 1 + -1. Suppose -p = -m - i. List the prime factors of m.
2
Suppose h + 3*h - 8 = 0. Let u = h + 3. What are the prime factors of u?
5
Let b = 15 + -7. Suppose 4*u + 27 = -r, u - r + b = -0*r. Let y = 15 + u. What are the prime factors of y?
2
Let k(q) = 3*q**3 + 34*q**2 + 60*q + 49. Let t(d) = d**3 + 11*d**2 + 20*d + 16. Let j(v) = -6*k(v) + 17*t(v). List the prime factors of j(-16).
2, 3, 7
Let w be 2/6 - 2/6. Suppose -2*h - 15 = -5*h. Suppose w = h*g + p - 3 - 7, -g + 4*p + 23 = 0. List the prime factors of g.
3
Let b = -3 - 2. Let m be (-2)/((-4)/(-2) + 60/(-33)). Let g = b - m. List the prime factors of g.
2, 3
Let l = -14 + 26. Suppose -8 = -4*a + 2*j, a + l = -3*j + 7*j. Suppose 3*q + 2 = -a*g, -q + 3*q = g + 6. What are the prime factors of q?
2
Let w = -7 + 7. Suppose -2*f = -w*f - 38. What are the prime factors of f?
19
Let d = -2 + 4. Suppose 3*u - 89 = -2*u + d*l, 3*l = u - 23. What are the prime factors of u?
17
Let h(w) = -w**3 - 7*w**2 - 2*w + 5. Let j be h(-7). Suppose 0*o = 4*o + 4, -4*r - 5*o = -j. What are the prime factors of r?
2, 3
Suppose 2*j - 2*u - 2*u = 118, 2*u = 2. What are the prime factors of j?
61
Let q be (-3 - 0)*6/9. Let l(o) = o**2 + o + 1. Let z be l(q). Suppose 2 = -2*h - 4*a + 6, -z*a = 0. What are the prime factors of h?
2
Suppose 3*x = -3*o + 993, 2*x - 126 - 533 = -3*o. What are the prime factors of x?
2, 167
Let t be 1 - 2 - -3 - -53. Suppose -t = -3*k - 2*k. What are the prime factors of k?
11
Let f be -1 + (2 - -1 - -23). Let a = -19 + f. List the prime factors of a.
2, 3
Let q = -2 - -14. Suppose -u - 3 = -q. What are the prime factors of u?
3
Let o be -11*3/((-6)/(-2)). Let w = 16 + o. What are the prime factors of 2/(-5) - (-12)/w?
2
Suppose -